{"id":132,"date":"2021-05-13T17:07:27","date_gmt":"2021-05-13T15:07:27","guid":{"rendered":"http:\/\/homobig.cluster030.hosting.ovh.net\/index.php\/membership-join\/"},"modified":"2021-05-16T20:19:00","modified_gmt":"2021-05-16T18:19:00","slug":"membership-join","status":"publish","type":"page","link":"https:\/\/homobilites.com\/index.php\/membership-login\/membership-join\/","title":{"rendered":"Adh\u00e9sion"},"content":{"rendered":"\n<h2>Pourquoi devenir adh\u00e9rent ?<\/h2>\n\n\n\n<p>L&rsquo;association se veut apolitique et asyndical (et nous n&rsquo;en sommes pas un non plus ! ), nous \u0153uvrons pour <strong>am\u00e9liorer l&rsquo;inclusion des LGBT+ au sein des collectifs de travail<\/strong>.<br>L&rsquo;association a la volont\u00e9 de changer les choses en utilisant le <strong>soft power (mani\u00e8re douce)<\/strong>.<br><\/p>\n\n\n\n<p>Que ce soit par envie de :<br>&#8211; <strong>participer<\/strong> \u00e0 la vie de l&rsquo;association, <br>&#8211; <strong>travailler<\/strong> avec la direction de l&rsquo;entreprise pour <strong>sensibiliser<\/strong> et mieux inclure les collaborat.eurs.rices du Groupe RATP,<br>&#8211; <strong>accompagner<\/strong> les collaborat.eurs.rices dans diff\u00e9rentes d\u00e9marches administratives ou personnelles\u2026<br>Il y a forc\u00e9ment un moment ou vous pourrez apporter votre pierre \u00e0 l&rsquo;\u00e9difice.<\/p>\n\n\n\n<p>Vous pouvez adh\u00e9rer \u00e0 l&rsquo;association en ligne, avec PayPal. Avant d&rsquo;adh\u00e9rer, nous vous invitons \u00e0 consulter les <a href=\"https:\/\/homobilites.com\/index.php\/membership-login\/adhesions-termes-et-conditions\/\" data-type=\"page\" data-id=\"197\">termes et conditions d&rsquo;adh\u00e9sion<\/a> avant de les accepter ! <\/p>\n\n\n\n<h2>Collaborateurs Groupe \/ Ayants droit \/ Retrait\u00e9s<\/h2>\n\n\n\n<div class=\"wp-container-5 wp-block-group alignwide\"><div class=\"wp-block-group__inner-container\">\n<div class=\"wp-container-4 wp-block-columns alignwide\">\n<div class=\"wp-container-1 wp-block-column\"><div class=\"swpm-payment-button\"><div class=\"swpm-button-wrapper swpm-pp-buy-now-wrapper\"><form id=\"swpm-paypal-payment-form-69f29680ec106\" action=\"https:\/\/www.paypal.com\/cgi-bin\/webscr\" method=\"post\" target=\"_blank\"><input type=\"hidden\" name=\"cmd\" value=\"_xclick\" \/><input type=\"hidden\" name=\"charset\" value=\"utf-8\" \/><input type=\"hidden\" name=\"bn\" value=\"TipsandTricks_SP\" \/><input type=\"hidden\" name=\"business\" value=\"Hostmaster_pp@homobus.com\" \/><input type=\"hidden\" name=\"amount\" value=\"31\" \/><input type=\"hidden\" name=\"currency_code\" value=\"EUR\" \/><input type=\"hidden\" name=\"item_number\" value=\"231\" \/><input type=\"hidden\" name=\"item_name\" value=\"Adh\u00e9sion 31 euros\" \/><input type=\"hidden\" name=\"no_shipping\" value=\"1\" \/><input type=\"hidden\" name=\"notify_url\" value=\"https:\/\/homobilites.com\/?swpm_process_ipn=1\" \/><input type=\"hidden\" name=\"return\" value=\"https:\/\/homobilites.com\/index.php\/membership-login\/membership-join\/u-got-mail\/\" \/><input type=\"hidden\" name=\"cancel_return\" value=\"https:\/\/homobilites.com\" \/><input type=\"hidden\" name=\"custom\" value=\"subsc_ref%3D2%26user_ip%3D216.73.217.123\" \/><input type=\"submit\" class=\"swpm-buy-now-button-submit\" value=\"Adh\u00e9sion 31 euros\" \/><\/form><\/div><\/div>\n\n\n\n<ul><li>Nouvelle adh\u00e9sion<\/li><li>Moins de 26 ans<\/li><li>Couple ( 1 adh\u00e9sion\/personne)<\/li><\/ul>\n<\/div>\n\n\n\n<div class=\"wp-container-2 wp-block-column\"><div class=\"swpm-payment-button\"><div class=\"swpm-button-wrapper swpm-pp-buy-now-wrapper\"><form id=\"swpm-paypal-payment-form-69f29680ec488\" action=\"https:\/\/www.paypal.com\/cgi-bin\/webscr\" method=\"post\" target=\"_blank\"><input type=\"hidden\" name=\"cmd\" value=\"_xclick\" \/><input type=\"hidden\" name=\"charset\" value=\"utf-8\" \/><input type=\"hidden\" name=\"bn\" value=\"TipsandTricks_SP\" \/><input type=\"hidden\" name=\"business\" value=\"Hostmaster_pp@homobus.com\" \/><input type=\"hidden\" name=\"amount\" value=\"37\" \/><input type=\"hidden\" name=\"currency_code\" value=\"EUR\" \/><input type=\"hidden\" name=\"item_number\" value=\"139\" \/><input type=\"hidden\" name=\"item_name\" value=\"Adh\u00e9sion 37 euros\" \/><input type=\"hidden\" name=\"no_shipping\" value=\"1\" \/><input type=\"hidden\" name=\"notify_url\" value=\"https:\/\/homobilites.com\/?swpm_process_ipn=1\" \/><input type=\"hidden\" name=\"return\" value=\"https:\/\/homobilites.com\/index.php\/membership-login\/membership-join\/u-got-mail\/\" \/><input type=\"hidden\" name=\"cancel_return\" value=\"https:\/\/homobilites.com\" \/><input type=\"hidden\" name=\"custom\" value=\"subsc_ref%3D2%26user_ip%3D216.73.217.123\" \/><input type=\"submit\" class=\"swpm-buy-now-button-submit\" value=\"Adh\u00e9sion 37 euros\" \/><\/form><\/div><\/div>\n\n\n\n<ul><li>Individuel<\/li><\/ul>\n<\/div>\n\n\n\n<div class=\"wp-container-3 wp-block-column\"><div class=\"swpm-payment-button\"><div class=\"swpm-button-wrapper swpm-pp-buy-now-wrapper\"><form id=\"swpm-paypal-payment-form-69f29680ec793\" action=\"https:\/\/www.paypal.com\/cgi-bin\/webscr\" method=\"post\" target=\"_blank\"><input type=\"hidden\" name=\"cmd\" value=\"_xclick\" \/><input type=\"hidden\" name=\"charset\" value=\"utf-8\" \/><input type=\"hidden\" name=\"bn\" value=\"TipsandTricks_SP\" \/><input type=\"hidden\" name=\"business\" value=\"Hostmaster_pp@homobus.com\" \/><input type=\"hidden\" name=\"amount\" value=\"30\" \/><input type=\"hidden\" name=\"currency_code\" value=\"EUR\" \/><input type=\"hidden\" name=\"item_number\" value=\"364\" \/><input type=\"hidden\" name=\"item_name\" value=\"Adh\u00e9sion 30 euros\" \/><input type=\"hidden\" name=\"no_shipping\" value=\"1\" \/><input type=\"hidden\" name=\"notify_url\" value=\"https:\/\/homobilites.com\/?swpm_process_ipn=1\" \/><input type=\"hidden\" name=\"return\" value=\"https:\/\/homobilites.com\/index.php\/membership-login\/membership-join\/u-got-mail\/\" \/><input type=\"hidden\" name=\"cancel_return\" value=\"https:\/\/homobilites.com\" \/><input type=\"hidden\" name=\"custom\" value=\"subsc_ref%3D2%26user_ip%3D216.73.217.123\" \/><input type=\"submit\" class=\"swpm-buy-now-button-submit\" value=\"Adh\u00e9sion 30 euros\" \/><\/form><\/div><\/div>\n\n\n\n<ul><li>Association RATP<\/li><\/ul>\n<\/div>\n<\/div>\n<\/div><\/div>\n\n\n\n<h2>Exterieurs<\/h2>\n\n\n\n<div class=\"wp-container-10 wp-block-group alignwide\"><div class=\"wp-block-group__inner-container\">\n<div class=\"wp-container-9 wp-block-columns alignwide\">\n<div class=\"wp-container-6 wp-block-column\"><div class=\"swpm-payment-button\"><div class=\"swpm-button-wrapper swpm-pp-buy-now-wrapper\"><form id=\"swpm-paypal-payment-form-69f29680ecacc\" action=\"https:\/\/www.paypal.com\/cgi-bin\/webscr\" method=\"post\" target=\"_blank\"><input type=\"hidden\" name=\"cmd\" value=\"_xclick\" \/><input type=\"hidden\" name=\"charset\" value=\"utf-8\" \/><input type=\"hidden\" name=\"bn\" value=\"TipsandTricks_SP\" \/><input type=\"hidden\" name=\"business\" value=\"Hostmaster_pp@homobus.com\" \/><input type=\"hidden\" name=\"amount\" value=\"33\" \/><input type=\"hidden\" name=\"currency_code\" value=\"EUR\" \/><input type=\"hidden\" name=\"item_number\" value=\"367\" \/><input type=\"hidden\" name=\"item_name\" value=\"Adh\u00e9sion 33 euros\" \/><input type=\"hidden\" name=\"no_shipping\" value=\"1\" \/><input type=\"hidden\" name=\"notify_url\" value=\"https:\/\/homobilites.com\/?swpm_process_ipn=1\" \/><input type=\"hidden\" name=\"return\" value=\"https:\/\/homobilites.com\/index.php\/membership-login\/membership-join\/u-got-mail\/\" \/><input type=\"hidden\" name=\"cancel_return\" value=\"https:\/\/homobilites.com\" \/><input type=\"hidden\" name=\"custom\" value=\"subsc_ref%3D2%26user_ip%3D216.73.217.123\" \/><input type=\"submit\" class=\"swpm-buy-now-button-submit\" value=\"Adh\u00e9sion 33 euros\" \/><\/form><\/div><\/div>\n\n\n\n<ul><li>Nouvelle adh\u00e9sion<\/li><li>Moins de 26 ans<\/li><li>Couple ( 1 adh\u00e9sion\/personne)<\/li><\/ul>\n<\/div>\n\n\n\n<div class=\"wp-container-7 wp-block-column\"><div class=\"swpm-payment-button\"><div class=\"swpm-button-wrapper swpm-pp-buy-now-wrapper\"><form id=\"swpm-paypal-payment-form-69f29680ece15\" action=\"https:\/\/www.paypal.com\/cgi-bin\/webscr\" method=\"post\" target=\"_blank\"><input type=\"hidden\" name=\"cmd\" value=\"_xclick\" \/><input type=\"hidden\" name=\"charset\" value=\"utf-8\" \/><input type=\"hidden\" name=\"bn\" value=\"TipsandTricks_SP\" \/><input type=\"hidden\" name=\"business\" value=\"Hostmaster_pp@homobus.com\" \/><input type=\"hidden\" name=\"amount\" value=\"39\" \/><input type=\"hidden\" name=\"currency_code\" value=\"EUR\" \/><input type=\"hidden\" name=\"item_number\" value=\"368\" \/><input type=\"hidden\" name=\"item_name\" value=\"Adh\u00e9sion 39 euros\" \/><input type=\"hidden\" name=\"no_shipping\" value=\"1\" \/><input type=\"hidden\" name=\"notify_url\" value=\"https:\/\/homobilites.com\/?swpm_process_ipn=1\" \/><input type=\"hidden\" name=\"return\" value=\"https:\/\/homobilites.com\/index.php\/membership-login\/membership-join\/u-got-mail\/\" \/><input type=\"hidden\" name=\"cancel_return\" value=\"https:\/\/homobilites.com\" \/><input type=\"hidden\" name=\"custom\" value=\"subsc_ref%3D2%26user_ip%3D216.73.217.123\" \/><input type=\"submit\" class=\"swpm-buy-now-button-submit\" value=\"Adh\u00e9sion 39 euros\" \/><\/form><\/div><\/div>\n\n\n\n<ul><li>Individuel<\/li><\/ul>\n<\/div>\n\n\n\n<div class=\"wp-container-8 wp-block-column\">\n<p><\/p>\n<\/div>\n<\/div>\n<\/div><\/div>\n\n\n\n<div class=\"wp-block-file\"><a href=\"https:\/\/homobilites.com\/wp-content\/uploads\/2021\/05\/Readh-2021-1.pdf\">R\u00e9adh 2021<\/a><a href=\"https:\/\/homobilites.com\/wp-content\/uploads\/2021\/05\/Readh-2021-1.pdf\" class=\"wp-block-file__button\" download>T\u00e9l\u00e9charger<\/a><\/div>\n\n\n\n<figure class=\"wp-block-pullquote\"><blockquote><p>Alors soyez les bienvenu.s.es !<\/p><\/blockquote><\/figure>\n","protected":false},"excerpt":{"rendered":"<p>Pourquoi devenir adh\u00e9rent ? L&rsquo;association se veut apolitique et asyndical (et nous n&rsquo;en sommes pas un non plus ! ), nous \u0153uvrons pour am\u00e9liorer l&rsquo;inclusion des LGBT+ au sein des collectifs de travail.L&rsquo;association a la volont\u00e9 de changer les choses&#8230; <a href=\"https:\/\/homobilites.com\/index.php\/membership-login\/membership-join\/\" class=\"readmore\">Read more<span class=\"screen-reader-text\">Adh\u00e9sion<\/span><span class=\"fa fa-angle-double-right\" aria-hidden=\"true\"><\/span><\/a><\/p>\n","protected":false},"author":1,"featured_media":0,"parent":134,"menu_order":0,"comment_status":"closed","ping_status":"closed","template":"","meta":{"_bbp_topic_count":0,"_bbp_reply_count":0,"_bbp_total_topic_count":0,"_bbp_total_reply_count":0,"_bbp_voice_count":0,"_bbp_anonymous_reply_count":0,"_bbp_topic_count_hidden":0,"_bbp_reply_count_hidden":0,"_bbp_forum_subforum_count":0},"_links":{"self":[{"href":"https:\/\/homobilites.com\/index.php\/wp-json\/wp\/v2\/pages\/132"}],"collection":[{"href":"https:\/\/homobilites.com\/index.php\/wp-json\/wp\/v2\/pages"}],"about":[{"href":"https:\/\/homobilites.com\/index.php\/wp-json\/wp\/v2\/types\/page"}],"author":[{"embeddable":true,"href":"https:\/\/homobilites.com\/index.php\/wp-json\/wp\/v2\/users\/1"}],"replies":[{"embeddable":true,"href":"https:\/\/homobilites.com\/index.php\/wp-json\/wp\/v2\/comments?post=132"}],"version-history":[{"count":24,"href":"https:\/\/homobilites.com\/index.php\/wp-json\/wp\/v2\/pages\/132\/revisions"}],"predecessor-version":[{"id":378,"href":"https:\/\/homobilites.com\/index.php\/wp-json\/wp\/v2\/pages\/132\/revisions\/378"}],"up":[{"embeddable":true,"href":"https:\/\/homobilites.com\/index.php\/wp-json\/wp\/v2\/pages\/134"}],"wp:attachment":[{"href":"https:\/\/homobilites.com\/index.php\/wp-json\/wp\/v2\/media?parent=132"}],"curies":[{"name":"wp","href":"https:\/\/api.w.org\/{rel}","templated":true}]}}